5
Let q(k) = 39*k**3 + 2*k**2 - k. Let f be q(1). Suppose 3*h - 198 = 3*y, 22 = h - 3*y - f. What is the units digit of h?
8
Let z(d) = -d**3 - 7*d**2 - d - 3. Let y be z(-7). Suppose -y*n - 32 - 100 = 0. Let a = n + 51. What is the tens digit of a?
1
Suppose 11*a - 45 = 6*a. Suppose -a*d + 174 = -7*d. What is the units digit of d?
7
Let i = 420 + 506. What is the hundreds digit of i?
9
Let n(f) = 27*f**2 - 4*f - 1. Let l be n(-2). Let x = l - 216. Let o = x + 148. What is the tens digit of o?
4
Let q(k) be the third derivative of -k**6/120 + 7*k**5/30 - 13*k**4/24 + k**3/2 + k**2. Let f be q(13). Suppose -f*h + 90 = -27. What is the tens digit of h?
3
Suppose -108 = -3*c - 4*q, -3*q - q + 72 = 2*c. Let j = 53 - c. What is the units digit of j?
7
Let b(o) = -o**3 - 6*o**2 + 9*o - 7. Let a = 15 - 33. Let x = a + 10. What is the tens digit of b(x)?
4
Suppose -4*b + 93*h - 91*h = -10792, 4*b - 10794 = 3*h. What is the units digit of b?
7
Suppose 3*i - 11 = -2. What is the units digit of i + (-1 + -1 - -28)?
9
Let o = -110 + 112. Let v(n) = n - 2. Let g(i) = -1. Let d(k) = -5*g(k) + 2*v(k). What is the units digit of d(o)?
5
Suppose 0 = 3*a + 4*d - 808, 2*d + 296 = a - 2*d. What is the units digit of a?
6
Let t be (-18)/27 + 226/(-3). Let v = t + 120. What is the tens digit of v?
4
Suppose -4*n + 4 = -5*i, 2*i - 1 = -n - 0. Suppose -4*d = -i*d - 28. Suppose 0 = 11*k - d*k - 40. What is the tens digit of k?
1
Let r = -234 + 237. Suppose 4*x - 171 = 53. Let d = x + r. What is the units digit of d?
9
Suppose 7 = -5*m + 2. Let v be (m/(-2))/((-5)/180). What is the units digit of v/24 + (-14)/(-8)?
1
Let q(k) = -2 + 7 - 3*k - 3 - 4. Let s = -15 - -6. What is the units digit of q(s)?
5
Suppose 3*m - 15 = -2*v, 0*m - 4*v = 5*m - 27. What is the units digit of m/5*(-20)/(-4)?
3
Let o(c) = 224*c**3 - 3*c**2 + c + 7. What is the thousands digit of o(3)?
6
Suppose 5*c - 32 = 568. Let y = 215 - c. What is the units digit of y?
5
Let a(x) be the third derivative of 5*x**4/24 - 17*x**3/6 + 30*x**2. Let j = -5 - -13. What is the units digit of a(j)?
3
Let a be -1 + (8/2 - 0). Let g be (-8)/a*(-231)/44. Let b = -13 + g. What is the units digit of b?
1
Let n = -8 - -21. Suppose -4 + n = 3*j. What is the units digit of ((-13)/1)/((-3)/j)?
3
Suppose -3*n = -n + v - 10, 0 = 3*n - v - 15. Suppose 2*c - z - 185 = 0, 0*z + 425 = n*c + 5*z. What is the tens digit of c?
9
Suppose 189 = 16*d - 35. What is the tens digit of d?
1
Let a(p) = 3*p**2 + 5*p + 3. Let f be a(4). Let i = 150 - f. What is the tens digit of i?
7
Let o = 95 - 40. Let d = -36 + o. What is the tens digit of d?
1
What is the hundreds digit of (-498)/(-3) - (5 + -10)?
1
Let h be (-12438)/21 - (-8)/28. Let b be h/72 + (-2)/(-9). What is the tens digit of (-170)/17*b/5?
1
Let g = 597 + -188. What is the tens digit of g?
0
Suppose 0 = -c - c + 4*l - 54, -3*c = -4*l + 75. Suppose -8*x - 44 = 4. Let a = x - c. What is the tens digit of a?
1
Let u = 43 + -39. Suppose 48 = u*b + 4*b. What is the units digit of b?
6
Let w(h) be the third derivative of -h**4/2 - 29*h**3/6 - 20*h**2. What is the tens digit of w(-9)?
7
Suppose -4*n + 100 = 3*i, 0*i + 4*i - 140 = -2*n. Suppose -80 = -3*x + 5*g + 42, -3*g + i = x. What is the tens digit of x?
3
Suppose -128*g - 15170 = -133*g. What is the hundreds digit of g?
0
Let h(z) be the second derivative of z**3/6 - z**2/2 + 9*z. Let d be h(-4). What is the units digit of (-3)/d*(-1 - -6)?
3
Let m(w) be the first derivative of -13*w + 11/2*w**2 + 3. What is the units digit of m(7)?
4
Suppose -9*j + 418 = -896. Let y = j + 77. What is the hundreds digit of y?
2
Let s(w) = w**2 - 4*w. Suppose 0 = 4*i - 14*i - 70. What is the units digit of s(i)?
7
Let v(d) = d**2 - 2*d - 10. What is the units digit of v(-35)?
5
Suppose 3*c = -11*c + 588. Let a = c - 16. What is the tens digit of a?
2
Suppose 25*m + 4428 = 28*m. What is the hundreds digit of m?
4
Let u = -828 - -1563. What is the units digit of u?
5
Let o be (2/(-4))/(15/1800). Let h = -47 - o. What is the tens digit of h?
1
Let q(k) = 462*k - 1036. What is the tens digit of q(9)?
2
Let u be (16/(-24) + -1)*(1 - 4). Suppose 0 = -4*q + f + f + 456, q - u*f = 132. What is the hundreds digit of q?
1
Suppose 36*l - 54676 = 22220. What is the tens digit of l?
3
Let m be 21/6*(-3 - -1) + 1. What is the units digit of 50 + (4 + m - 1)?
7
Let a be (-2)/1*(-12 - -1). Suppose 18*s = a*s. Let h = 11 + s. What is the tens digit of h?
1
Let a = 20 + -18. Suppose 5*s = 25, a*x = -5*s - 25 + 86. What is the units digit of 903/x + 1/(-6)?
0
Suppose 2*a - 26 = -4*q, -5*q + 22 + 3 = 0. Suppose -f - a*j + 4 = -4, 5*f - j - 72 = 0. Suppose 5*u = 4*u + f. What is the units digit of u?
4
What is the tens digit of ((-99)/4)/(21/(-672)) - -2?
9
Suppose -5*p + 411 = -39. What is the tens digit of p?
9
Let d(z) = -14*z**2 - 3*z - 8. Let c be d(6). What is the tens digit of (-3 - -1)/((-5)/(c/(-4)))?
5
Let x be 69/2 + (-20)/40. Suppose -37*f + x*f = -444. What is the hundreds digit of f?
1
Suppose -3*z = o - 85, 0*z + z = -4*o + 329. Let k = 35 - -17. Let b = o - k. What is the tens digit of b?
3
Suppose 0 = 11*a - 0 - 0. Suppose a = -6*j + 134 + 304. What is the tens digit of j?
7
Suppose -6*m + 73 + 299 = 0. Let o = m + -1. What is the tens digit of o?
6
Suppose -27 - 315 = -3*a. What is the hundreds digit of a?
1
Let z(b) be the second derivative of b**5/20 - b**4/4 - 2*b**3/3 + b**2 + 3*b. Let y be z(4). Suppose 6 = y*c - 64. What is the units digit of c?
5
Let z be (-3 + 5)/(6/15). Suppose 2*k = -b + 501, -b - 2 = -z. Suppose -5*o = -p - 318, -2*p + p = 4*o - k. What is the units digit of o?
3
Let u be 4/6 - 195/9. Let a be (-2)/(6/(-3)) + 13 + -16. What is the units digit of (-10)/(-5) + (a - u)?
1
Suppose 0 = 67*w - 180280 + 22763. What is the units digit of w?
1
Let f be 3/(4 + -1) - -383. Suppose 0 = -4*y - 20, 5*u - 71 = -5*y + f. What is the tens digit of u?
9
Let c(x) be the second derivative of -x**5/20 + x**4/3 + x**3 + 7*x**2/2 + 3*x. Let y be c(5). Let r = -7 + y. What is the units digit of r?
5
Let j = -2745 - -4835. What is the hundreds digit of j?
0
Let w(p) = p**3 + p**2 + 37. Let j be w(0). Suppose -o = -0*o + 15. Let b = j + o. What is the tens digit of b?
2
Let d(i) = -49*i - 37. Let f be d(-5). Suppose f = -19*g + 21*g. What is the units digit of g?
4
Suppose -7*l + 4*l = s - 36, -2*s + l + 51 = 0. Let d = 3 + s. What is the units digit of d/4*4/3?
0
Let d = 86 - 177. Let h = d + 224. What is the tens digit of h?
3
Let b(j) = -17*j**2 + 334*j - 34. What is the units digit of b(18)?
0
Let j(d) = -3*d - 1. Let t be j(-1). Suppose 4*u = t*u + 8. Suppose u*h + 89 = 3*p, 5*h - 25 = -3*p + 19. What is the units digit of p?
3
Let l = 16 + -12. Let i(v) = v**3 - 4*v**2 - 5*v - 1. Let n be i(l). What is the units digit of (-981)/n + 6/21?
7
Suppose w + 2*w - 3*v - 351 = 0, 0 = -v + 1. What is the hundreds digit of w?
1
Suppose -t = 5, -15 = g + 5*t - 317. Let d = g + -133. What is the hundreds digit of d?
1
Let r(p) = -p**2 - 14*p + 18. Let k be r(-14). Suppose 0 = 23*y - k*y - 180. What is the tens digit of y?
3
Suppose 5*m - 4*w = -3*w + 759, 2*m + 2*w = 306. Suppose -2*z + m = -50. What is the units digit of z?
1
Suppose 0 = 3*x + 1 - 13. Let y(h) = -h**3 - h**2. Let m(f) = 3*f**3 + 10*f**2 - 2*f + 3. Let p(b) = x*y(b) + m(b). What is the units digit of p(5)?
8
Let x = -27 - -10. Let f(t) = -t**3 + t**2 + 2*t + 20. Let q be f(0). Let n = x + q. What is the units digit of n?
3
Suppose -c - 5*j = -29, -4*c - 10 + 38 = -2*j. Suppose -4*x = -4*a + 228, -c = -a - 5*x + 24. What is the tens digit of a?
5
Suppose 2816 = -9*r + 13*r. What is the tens digit of r?
0
Let m = 50 - -72. Let s = 178 - m. What is the tens digit of s?
5
Suppose 2*b - j - 1693 = 0, 0 = 2*b + 108*j - 107*j - 1687. What is the tens digit of b?
4
Let b(w) = 1 + 2*w**2 + w**3 + 11 + 9*w**2 + 3*w**2 + 10*w. What is the tens digit of b(-13)?
5
Let y be 43/15 + 38/285. Suppose k + 2*p = -y*p + 39, 5*k + 3*p = 85. What is the tens digit of k?
1
Suppose -2*i + i - 2*z + 20 = 0, -3*i = -5*z - 5. Suppose -2*n + 14 = -i. What is the tens digit of ((-20)/3)/(n/(-54))?
3
Let g be (-1 + 1)/(21/7). Suppose g*f = -f + 2, 0 = -t + 4*f - 6. Suppose 4*o + 28 = 3*v + 183, -88 = -t*o - 2*v